*3 - t**2 + 7. Let r be n(0). Suppose -14 = -2*m + 3*m + 3*y, -m - 4 = y. What is the remainder when 28 is divided by 7 + (r - m - 3)?
8
Let n be 51/(-119) + 288/(-14). Let m(k) = -k**2 - 21*k + 48. What is the remainder when m(n) is divided by 14?
6
Let a(s) = 2*s**2 - s - 10. Let n = 52 - -56. What is the remainder when (4/8)/(3/n) is divided by a(3)?
3
Let v be (-694)/8 + (-5)/20. Let k = -65 - v. What is the remainder when k is divided by 12?
10
Let s = -183 - -240. What is the remainder when s is divided by 8?
1
Let l(x) = x**2 + x + 14. Suppose -5*s - 3*m - m + 12 = 0, -s = 3*m - 9. Calculate the remainder when 51 is divided by l(s).
9
Let t(m) be the first derivative of m**2/2 - 1. Let d(w) = -2*w**2 + w - 2. Let g(i) = -d(i) + 4*t(i). Calculate the remainder when g(-2) is divided by 2.
0
Let f(a) be the third derivative of 0*a - 5/3*a**3 - 1/120*a**6 - a**2 + 1/20*a**5 + 13/24*a**4 + 0. What is the remainder when 5 is divided by f(5)?
0
Suppose -104*i - 270 = -109*i. What is the remainder when i is divided by 48?
6
Let x(z) = -27*z + 576. What is the remainder when 262 is divided by x(17)?
28
Suppose -13*t = -14*t - 18. Suppose -25 = -3*l + 2*l. Let q = l + t. What is the remainder when 26 is divided by q?
5
Let m = 1191 + -1167. What is the remainder when 94 is divided by m?
22
Calculate the remainder when (-433)/(-2) + 91/(-26) is divided by 12.
9
Suppose -15 = -4*h - 11. Suppose r - 4*a = 5, -3*a = -3*r + 5*r + h. What is the remainder when 2 is divided by r?
0
Let k = -10 - -6. Let f(w) = -3*w - 6. Let j be f(k). Calculate the remainder when 37 is divided by ((-3)/j)/((-2)/52).
11
Let q(x) = x**2 + 46. What is the remainder when 190 is divided by q(0)?
6
Suppose 5*z = 9*z - 44. Let c(t) = -t**3 + 11*t**2 + 11. Let v be c(z). Let k(s) = 7*s - 6. Calculate the remainder when k(v) is divided by 18.
17
Let q(y) = -y**3 + 7*y**2 + 2*y - 6. Suppose -7*m + 6*m + 5 = 0. Calculate the remainder when q(m) is divided by 11.
10
Let k = 11 - 2. Let m(q) = 0 - 34*q + 2 + 26*q + q**2. Calculate the remainder when 32 is divided by m(k).
10
Let i = 618 + -562. Calculate the remainder when 325 is divided by i.
45
Let j(y) = -y**3 + 29*y**2 + 36*y - 157. Calculate the remainder when 159 is divided by j(30).
21
Suppose -16 = -v - 5*f, 2*f - 46 = -7*v + 3*v. Suppose 0 = i - 3*w + 6*w - v, 5*w = i - 19. Let j = -7 - -11. What is the remainder when i is divided by j?
2
Let y(n) = n**2 + 17*n + 23. Let t = 67 + -83. What is the remainder when 19 is divided by y(t)?
5
Let z = 84 + 7. Let w = 110 - 117. Let n(b) = -7*b - 26. Calculate the remainder when z is divided by n(w).
22
Suppose -o - 5 = -1. What is the remainder when 88 is divided by (o/5)/(20/(-450))?
16
Let r = -25 + 28. Suppose -r*o = -4*f + 20 + 48, 8 = -2*o. What is the remainder when 68 is divided by f?
12
Suppose -46 - 42 = -4*d. Let q(x) = -x**3 + 12*x**2 - 4*x - 35. What is the remainder when q(11) is divided by d?
20
Let h(c) = -c**3 - 4*c**2 - 2*c - 2. Let x be h(-4). Suppose -x*u + 80 = -u. Calculate the remainder when (-24)/15 + 4/(-10) - -48 is divided by u.
14
Let v = 66 + -8. Suppose -4*p + 18 = -v. Calculate the remainder when p is divided by 5.
4
Let m(b) = b**3 + 4*b**2 + 28*b - 9. Let y(a) = -a**2 - 7*a + 2. Let t(u) = 2*m(u) + 9*y(u). What is the remainder when 94 is divided by t(3)?
22
Calculate the remainder when (-796042)/(-338) + 2/(-13) is divided by 18.
15
Let x = -957 - -1035. Let u(v) = 2*v + 6. Calculate the remainder when x is divided by u(7).
18
Let h be ((1 - 1)/1)/1. Suppose -42*u = -35*u. Suppose u = -5*c + x + 21 + 34, 2*c - x - 25 = h. Calculate the remainder when 28 is divided by c.
8
Suppose -g + 4*b + 191 = 0, 0*g - 4*g + 719 = -b. What is the remainder when g is divided by 13?
10
Suppose 85 = 2*j + 5*n + 19, j + 4*n - 27 = 0. Calculate the remainder when j is divided by 8.
3
Let o(w) be the third derivative of w**5/20 + w**4/24 + w**3/6 - 2*w**2. Calculate the remainder when o(-3) is divided by 4.
1
Suppose v = a + 100, -v + 46 + 50 = -2*a. Calculate the remainder when v is divided by 11.
5
Suppose 4*r + 374 = -3*c + 1487, -4 = 4*c. Calculate the remainder when r is divided by 41.
33
Let n = -673 + 748. What is the remainder when 287 is divided by n?
62
Let o = -666 - -742. What is the remainder when o is divided by 24?
4
Calculate the remainder when 341 is divided by (165/(-66))/(1/(-46)).
111
Suppose 2*u - 2 - 2 = 0, -3*u + 1450 = 4*g. Suppose -5*d + 674 = -g. Let b = d + -145. What is the remainder when b is divided by 13?
10
Let g = 933 - 922. What is the remainder when 72 is divided by g?
6
Suppose 0 = 3*t - 4*t + 11. Calculate the remainder when t is divided by -1*(44/66 + 23/(-3)).
4
Suppose -g + 5*g - 44 = 0. Let b = 23 - 2. Calculate the remainder when b is divided by g.
10
Let d be (-1)/(-8)*-718*(-3 + -1). Suppose 3*x - 127 = d. Calculate the remainder when x is divided by 41.
39
Let f(w) = 9*w**3 + 2*w**2 + 4*w - 7. Let s be f(2). Suppose -4*c = -5*j + s, 3*j - 3*c = 8*j - 53. What is the remainder when 271 is divided by j?
11
Suppose -60 = -l - 4*t, 8*l - 6*l - 84 = t. What is the remainder when 59 is divided by l?
15
Let v = 18 - 16. Suppose l - 49 = 4*i, -i - 15 = v*i. Let z(n) = 16*n**2 - n - 1. Calculate the remainder when l is divided by z(-1).
13
Let k(r) = r - 14. Let q be k(6). Let g be ((-12)/q)/(6/8). Suppose 4*b + g*w = 80, -93 = -5*b + w - 0*w. What is the remainder when b is divided by 5?
4
Let h(b) = b**3 + 33*b**2 + 59*b + 38. Let n be h(-31). Let x = n - 50. Let y = 10 - -11. What is the remainder when x is divided by y?
18
Let k(n) = 14 - 2*n**2 + 6*n + 3*n**2 - 6. What is the remainder when ((-2496)/(-240))/((-2)/(-5)) is divided by k(-7)?
11
Let l(o) = -3*o**2 + 50*o + 11. Let c be l(17). What is the remainder when 97 is divided by c/(-18) - (-118)/6?
17
Calculate the remainder when 136 is divided by (-321)/(-11) - 0 - (-244)/(-1342).
20
Suppose j + 1 = 10. Calculate the remainder when (-3)/18*-42 + 25 is divided by j.
5
Let x(j) = j + 13. Let w(a) = -a - 3. Let t be w(7). Calculate the remainder when 32 is divided by x(t).
2
Calculate the remainder when 726 is divided by 4 + 81/135 + 134/10.
6
Suppose -334 = -2*f - 136. What is the remainder when (f/(-3))/(-3) - 2 is divided by 3?
0
Suppose 1414 - 616 = 7*o. What is the remainder when 797 is divided by o?
113
Suppose -4*u - 32 = 28. Suppose -99 - 1 = -5*p + 4*l, -3*p + 3*l = -57. Let g = p + u. Calculate the remainder when g is divided by 4.
1
Let x(h) = 9*h + 1. Let m be x(6). Suppose 3*f + 2*f = m. Calculate the remainder when f is divided by 6/8*(-15)/18*-8.
1
Let o(p) = 9*p**2 + 2*p + 6. Suppose u + 4*n = -15, n = -3*u - 2*n - 18. Calculate the remainder when o(u) is divided by 42.
39
Let b(h) = -5*h + 22. Let n be b(-9). Let p = 20 + n. Calculate the remainder when p is divided by 18.
15
Let s(j) = 49*j**2 + 1. Let h be s(1). Suppose 6*x = -3*r + x + h, -73 = -5*r + 2*x. What is the remainder when 73 is divided by r?
13
Let g(x) = 15 - 16*x + 9*x + 6*x. What is the remainder when g(-7) is divided by 6?
4
Let o be (-2)/(-8) + 30/8. Suppose 2*y - 3*y = -o. Calculate the remainder when y is divided by 4.
0
Suppose 66*b = 44*b + 550. What is the remainder when 81 is divided by b?
6
Let i = -66 + 62. Let a = 24 + i. What is the remainder when 94 is divided by a?
14
What is the remainder when 273 is divided by 5809/148 - (2 - (-22)/(-8))?
33
Suppose 720 = -24*i + 34*i. What is the remainder when 287 is divided by i?
71
Calculate the remainder when 158 is divided by -3*(5 - 32/2).
26
Suppose -164 = -4*g + 80. Suppose -2*y = -2*v - 92, -y = v + 23 - g. Calculate the remainder when y is divided by 11.
9
Let l(c) = 0*c + 4 - c - 27 - 7*c. What is the remainder when l(-7) is divided by 6 + 3/9*0?
3
Suppose 8*r + 3*l = 5*r + 813, 2*r + 3*l = 543. Calculate the remainder when r is divided by 55.
50
Suppose -34*q = 7*q - 22673. What is the remainder when q is divided by 111?
109
Suppose 2*a + 3 = 11. Suppose a*j = 5*j - 8. Calculate the remainder when 30 is divided by j.
6
Suppose -j - j + 4*s = -22, -j = -s - 7. Suppose -k + 16 = j*k. Suppose 5*z - k*i = 182, 4*i = z - 3*z + 56. What is the remainder when z is divided by 12?
10
Let x = 1849 - 1341. Calculate the remainder when x 